71. Let g = -169 + j. What is the units digit of g?
0
Let i = 60 + 1071. What is the hundreds digit of i?
1
What is the tens digit of 885430/1540 - 1/(-22)?
7
Let o be 0*(-1)/(-6)*-3. Suppose o = 5*r - 3*r - w - 115, 284 = 5*r + w. What is the tens digit of r?
5
Suppose 4*p - h - 3*h = 48, 0 = 5*h + 25. Let c = 28 + -27. What is the tens digit of (0 + c - -2)*p?
2
Let c(p) = p**2 - p + 1. Let k(f) be the first derivative of f**4/4 - 2*f**3/3 + 3*f**2/2 - 10. Let l(h) = -c(h) + k(h). What is the tens digit of l(4)?
3
Let u(s) = 2*s**2 - 17*s + 85. What is the tens digit of u(13)?
0
Let a = -12 + 16. Let g(t) = -2*t + 8 - a - 3*t. What is the units digit of g(-3)?
9
Let v(x) = 2*x**2 + 6*x. Suppose -r + 0*r = -3. Let k(o) = -o**2 + 2*o - 4. Let m be k(r). What is the units digit of v(m)?
6
Suppose -9836 + 2983 = -7*z. What is the hundreds digit of z?
9
Suppose 4 + 26 = 2*p. Suppose 3*r = 2*c + 3, -4*r + c = 3*c - 18. Suppose 55 = 5*a - r*o, -5*a - 5*o + p = -0*a. What is the units digit of a?
8
Let k = -766 - -1341. What is the tens digit of k?
7
Suppose 4*y - 20 = -3*z, -2*z + 16 = 2*z. Suppose -2*v = y*v - 204. Suppose 2*i = -i + v. What is the units digit of i?
7
Let w(a) = a**3 - 9*a**2 + 9*a - 15. Let q be w(10). Suppose 2*y = 0, -4*z - 3*y = z - q. Suppose -5*i + z = -0*i. What is the units digit of i?
7
Suppose -3*t + 907 = -17*b + 19*b, t - 3 = 0. What is the units digit of b?
9
What is the tens digit of (510/75)/(2/180)?
1
Let d be 3 + (17 - (-16)/(-4)). Let x(o) = -o**2 + 22*o. What is the units digit of x(d)?
6
Let t be 3/5 - 1287/(-55). Let n = 79 - t. What is the units digit of n?
5
Let n(s) = -2*s**2 + 20*s - 14. Let x be n(10). Let k(w) = -8*w + 24. What is the units digit of k(x)?
6
What is the hundreds digit of 516 - (-10)/((-9)/((-18)/(-4)))?
5
Let o(h) = h**3 + 13*h**2 - 7*h + 3. Let w be (-27)/2 - 10/20. Let m be o(w). Let v = m - -154. What is the units digit of v?
9
Suppose -5*h - 2*j = -2, -5*j = 4*h - j + 8. Suppose h*a = 156 + 44. What is the tens digit of a?
0
Suppose 4*p - 61 - 195 = 0. Let c = p + -22. What is the tens digit of c?
4
Let c be 3*(-2)/(-9)*9. Suppose 0 = 11*v - c*v - 180. Let a = v + -22. What is the units digit of a?
4
Let v(w) = w**3 + 5*w**2 + 5*w + 4. Let i be v(-5). Let f be (-79)/7 + (-6)/i. Let r = 21 - f. What is the units digit of r?
2
What is the hundreds digit of 36/252 - 10548/(-7)?
5
Suppose 7*q = 8*q - 1067. What is the units digit of q?
7
Let t be ((-228)/133)/((-4)/(-14)). What is the units digit of (-2*(-116)/(-16))/(1/t)?
7
Suppose 2*m + m = 6. Suppose m*o = 5*o - 36. Let j = o - -25. What is the units digit of j?
7
Suppose 3*z = -2*z. Suppose c + 0 + 30 = z. Let g = c - -61. What is the units digit of g?
1
Suppose -2*t = t - 9. Suppose -t*c - 8 = c. Let k = c - -12. What is the units digit of k?
0
Let z(f) = f**3 - 3*f**2 - 3*f + 6. Let w be (-11)/22*4*-2. Let a be z(w). Suppose -2*p + 59 = -3*y + a, 2*y - 7 = -p. What is the tens digit of p?
1
Let f(w) = -6 + 2 + 1 + 1 - 5*w**2. Let i(b) = -4*b**2 + b - 3. Let r(v) = 3*f(v) - 4*i(v). What is the units digit of r(4)?
6
Let j = -4198 - -6086. What is the thousands digit of j?
1
Let n(o) = o**3 - 6*o**2 - 7*o - 2. Suppose 5*b - 7 = 4*b. Let i be n(b). What is the units digit of (14 - i) + 3 + -3?
6
Let w(g) = g**2 - 6*g + 10. Let k(x) = -2*x - 9. Let o be k(-7). Let q(y) = -y**3 + 6*y**2 - 5*y + 5. Let s be q(o). What is the units digit of w(s)?
5
Suppose c + 5*r + 12 = 0, -7*r - 38 = 5*c - 4*r. Let b = -3 - -46. What is the tens digit of b/3 + c/21?
1
Let z(w) = -w + 4. Let v be z(-1). Suppose l + 3*o = 186 + 32, v*l - 1036 = 3*o. What is the hundreds digit of l?
2
Let s(y) = -9*y**2 + 163*y - 7. What is the tens digit of s(6)?
4
Let o = 13 - 31. What is the tens digit of (-3)/6*o*7?
6
Suppose -107*b + 5012 = -93*b. What is the units digit of b?
8
Let c be (1 + 1 + (-8)/10)*10. Suppose -122 = -2*a - c. What is the units digit of a?
5
Let z(d) = 2*d**2 - 15*d - 56. What is the hundreds digit of z(37)?
1
Suppose 3*r = -4*u + 3502, -24 = -r - 26. What is the units digit of u?
7
Suppose 2*k = -2, -x - 41 + 2 = k. Let h = -25 - x. What is the tens digit of h?
1
Let f(g) = 4*g**2 - 8*g + 20. Let t be (-2)/(-5) + 15/25 - -4. What is the units digit of f(t)?
0
Let i(u) = -u + 2. Let x be i(3). What is the tens digit of x/(-2) + 287/14?
2
Let r = -30 - -67. Suppose -9 = -5*m - j + r, 2*m - 5*j = 13. What is the tens digit of (3/m)/((-1)/(-69))?
2
Let x = 107 + -105. Suppose x*p = 7*p - 470. What is the units digit of p?
4
Let m(z) = -32*z - 1. Let o be m(-1). Let w = o + -87. What is the tens digit of w/6*(-54)/21?
2
Let y = 74 - 52. What is the tens digit of 16/6*(y - 4)?
4
Let x(o) = 96*o + 204. What is the hundreds digit of x(22)?
3
Let y(j) = 31*j + 12. Let s be y(6). What is the units digit of (-44)/s - (-940)/18?
2
Suppose 3*p = -0*n - n + 689, 2*p = -3*n + 2067. What is the units digit of n?
9
Suppose -8*w - 3*o = -9*w + 1852, 3*o = 5*w - 9224. What is the tens digit of w?
4
Suppose 0*i = 4*i + 1544. Let n = i + 635. What is the units digit of n?
9
Suppose -5*z + 4*j = -96, 4*z + 4*j - 44 = 2*z. Suppose -z = -13*c + 8*c. Suppose -3*s = -c*s - 4*t + 13, 3*s - 23 = -4*t. What is the units digit of s?
5
Suppose 0 = 27*b - 30*b + 96. Let z = b - 27. Suppose 0 = z*q - 0*q - 245. What is the tens digit of q?
4
Let w(g) = 2*g**3 + 10*g**2 + 15*g - 3. Let r(t) = 7*t + 5*t**2 - 10 + t**3 + 9 + 0*t**3. Let h(q) = -5*r(q) + 2*w(q). What is the units digit of h(-4)?
3
Suppose -5*r + 72 = -l, -3*r + 4*l + 15 = -18. Let s be 5/(r/33) - -1. What is the units digit of s/8*(-10)/(-3)?
5
What is the tens digit of ((-2270)/(-50) + -12)/(2/70)?
6
What is the hundreds digit of ((-523752)/973)/(3/(-28))?
0
Suppose m = -5*o + 1694, 7*m - 2*o - 8470 = 2*m. What is the thousands digit of m?
1
Let w(u) = u + 58. Let m be w(-13). What is the tens digit of ((-31)/3)/((-5)/m)?
9
Suppose 0*m - 8 = -4*m. Let g = m - -11. What is the units digit of g?
3
What is the tens digit of (-189294)/(-252) - 1/6?
5
Let j be (-1 - 3) + (-7 - -3 - -2). Let y(n) = n**3 + 7*n**2 + 5*n + 4. What is the units digit of y(j)?
0
Let t be (-6)/(-39) + (-150)/(-39). Let n be (-3 + t)*0 - 27. Let a = 51 + n. What is the tens digit of a?
2
Let q = 27 - 32. Let c be (3 - 6) + q/(-1). Suppose -2*i - 80 = -3*p, -4*p - 112 = -9*p - c*i. What is the units digit of p?
4
Let u be -9*2/((-27)/(4 - 1)). Suppose u*j - 2*p = 42, -2*p + 8 + 0 = 0. What is the tens digit of j?
2
Let o(p) be the third derivative of p**4/12 + p**3/3 + 10*p**2. Let t be o(-2). What is the units digit of ((-124)/20 + t)*-5?
1
Let p(g) = -g**2 - 8*g + 2. What is the units digit of p(-8)?
2
Let j(u) = -u**3 - 7*u**2 + 14*u + 2. Let m be j(-9). Let n = m + 46. What is the tens digit of n?
8
Let n(k) = -11*k + 8. Let d(w) = 5*w - 4. Let v(f) = 9*d(f) + 4*n(f). Let b be v(7). Suppose -p + b*h = -2*h - 32, -3*h - 34 = -p. What is the units digit of p?
7
Suppose 5*h + 4*u - 1102 - 3264 = 0, 3*h + 2*u = 2620. What is the hundreds digit of h?
8
Let o = -5 + -78. Let s = o - -178. What is the tens digit of s?
9
Let j(o) = 45*o - 260. What is the units digit of j(21)?
5
Let w(r) = -101*r + 137. What is the hundreds digit of w(-6)?
7
Let b be (-1292)/(-14) + (-23)/7 + 3. Let u = 30 + b. What is the hundreds digit of u?
1
Suppose 0 = -3*y - 2*o - 39, -2*o - 17 = -4*y + 5*y. Let i be 2/y + (-222)/(-11). Let v = 13 + i. What is the units digit of v?
3
Suppose 0 = 2*q + q - 27. Let z = q + 9. What is the units digit of z?
8
Let k(u) = -u. Let r be 4 + -1 + 0 - 2. Let v(t) = -4*t - 9. Let l(f) = r*v(f) + 2*k(f). What is the units digit of l(-7)?
3
Let r(h) = h**3 + 8*h**2 - h - 11. Let g be r(-7). Suppose c + 0*c = g. What is the tens digit of c?
4
Suppose 2*u + j = 599, -u + 5*j = -405 + 89. Suppose -2*d + 2*o + o = -116, -2*o = -5*d + u. What is the tens digit of d?
6
Suppose 3*d - 4*i - 279 = -7*i, 0 = -2*d + 2*i + 182. What is the units digit of d?
2
Suppose 0 = 11*a - 16*a + 1515. What is the units digit of a?
3
Let j(k) = -9*k**2 + 2*k + 9. Let l be j(9). What is the hundreds digit of l/(-4) + 1 - 6/(-4)?
1
Suppose 62*d - 45*d = -612. Suppose 4*x + 113 - 513 = 0. Let f = x + d. What is the units digit of f?
4
Let l(i) = 9*i**2 - 10*